 of t?
131
Suppose r - 5 = 5*v, -3*v + 5 = r - v. Let g be (-2 + 2)*-1 + 0. Suppose g = -r*n + 181 + 59. List the prime factors of n.
2, 3
Let r = -99 - -46. Let k = r - -182. Suppose -4*o = 3*d + 9 - k, 2*o = 5*d - 200. List the prime factors of d.
2, 5
Suppose -184 = -4*f - 2*w, 0 = 4*f - w - 104 - 92. List the prime factors of f.
2, 3
Let b(n) = -n**3 + 16*n**2 - 17*n - 21. What are the prime factors of b(10)?
409
Let v(j) = 12*j - 141. Let u be v(0). Let b = u - -240. What are the prime factors of b?
3, 11
Let g(t) = -t**3 - 14*t**2 - 10*t + 7. Let d be g(-13). Let s = d - -72. What are the prime factors of s?
2, 5
What are the prime factors of 12 - 6 - (-427 - -3)?
2, 5, 43
Suppose -29938 - 121562 = -50*y. List the prime factors of y.
2, 3, 5, 101
Let l(z) = -z**3 - 3*z**2 + 6*z + 5. Let f be l(-4). Let s = 0 + f. What are the prime factors of s + 3 - -2*1?
2
Let u = -5192 + 9071. List the prime factors of u.
3, 431
Let h(v) = v**3 - 20*v**2 - 39*v + 143. List the prime factors of h(22).
11, 23
Suppose -52 = -7*p - 3. Suppose 0 = -h + p + 6. List the prime factors of h.
13
Let b = 1291 + -709. What are the prime factors of b?
2, 3, 97
Let z(l) = -l**3 - 20*l**2 - 24*l - 25. Let j be z(-15). List the prime factors of j/(-11) + (-11)/((-242)/4).
2, 3
Let s = 1132 - 968. List the prime factors of s.
2, 41
Suppose 5*g - 704 = 2731. What are the prime factors of g?
3, 229
Suppose -490 = -3*g + h, -2*g - h - 160 + 490 = 0. Suppose 124 = 3*d + 2*f, 0 = -4*d - 5*f + f + g. List the prime factors of d.
2, 3, 7
Suppose 0 = 2*x, 3*f + f - 1008 = x. Let n = -48 + f. List the prime factors of n.
2, 3, 17
Let h(q) = q**2 + 4*q + 12. Let k be h(-8). Let r = 271 - k. List the prime factors of r.
227
Let v(a) = -a**3 + 9*a**2 - 7*a - 4. Let u be v(8). Suppose -u*b = 3*t + 277 + 100, 2*b = -2*t - 186. Let l = -50 - b. What are the prime factors of l?
2, 3
Let b = -37 - -49. Suppose -4*s + 0*s + b = 0. List the prime factors of s.
3
Suppose 5*a - 499 = 4*a. List the prime factors of a.
499
Let q(b) = -25*b + 6. Let v be q(-2). Suppose 0 = -3*h + 7*h - v. List the prime factors of h.
2, 7
Suppose -3*y = 0, -y - 39 = -3*f - 3*y. Let h = 31 - f. Suppose z - h = -0*z. List the prime factors of z.
2, 3
Let x(q) = 9*q**3 - 5*q**2 - 3*q + 20. Let o be x(3). Let m = o - 23. List the prime factors of m.
2, 3, 31
Let s be (-100)/(-25)*1/(-2). What are the prime factors of (8/10)/(s/(-155))?
2, 31
Let b(p) = -183*p - 582. What are the prime factors of b(-6)?
2, 3, 43
Suppose 4*b + 3*k - 1826 = 0, -5*b - 2*k + 2280 = 3*k. List the prime factors of b.
2, 229
Suppose -41 = 3*o - 98. List the prime factors of o.
19
Let g(x) be the third derivative of -x**5/60 + 3*x**4/4 + 13*x**3/6 - 11*x**2. What are the prime factors of g(12)?
5, 17
Suppose 0 = 5*f - 10, 6*m - 4*f = 3*m + 31. Suppose m*q - 216 = 512. List the prime factors of q.
2, 7
Let x(y) = -5 + 10*y - 17 - 5 + 2*y. List the prime factors of x(7).
3, 19
Let u(m) = m**2 - 4. List the prime factors of u(13).
3, 5, 11
Suppose 0 = -3*l + l + 64. Suppose h = -2*h - 39. Let j = h + l. What are the prime factors of j?
19
What are the prime factors of -3 + (-17507)/(-7) + 5?
2503
Suppose 3*v + 181 = 1540. List the prime factors of v.
3, 151
Let q = 21 - 27. What are the prime factors of (-15)/q*-1*456/(-20)?
3, 19
Let m(f) be the second derivative of f**4/12 - 3*f**2/2 - 7*f. List the prime factors of m(3).
2, 3
Let g(c) = -17 + 6*c**2 - 10*c + c**2 + c**3 - 7*c + 8*c. Let m be g(-8). List the prime factors of 2/(-6) + (-237)/m.
2, 13
Suppose -m - 1 = -63. List the prime factors of (-1)/2 + m*14/8.
2, 3
Let n = 4343 - 2146. List the prime factors of n.
13
Let a(x) = -x**2 + 24*x + 157. Let n be a(-5). Let l(r) = 48*r**2 + r. Let j be l(-1). Let b = j - n. What are the prime factors of b?
5, 7
Suppose 3*t = -7*t + 5340. What are the prime factors of t?
2, 3, 89
Let h(a) = 7*a**2 - 20*a - 7. Let x(n) = -3*n**2 + 10*n + 3. Let f(z) = 4*h(z) + 9*x(z). List the prime factors of f(-11).
2, 5
Let u(g) = -g**3 - 31*g**2 - 6*g - 73. List the prime factors of u(-32).
3, 127
Suppose 0 = 4*u + u + 85. Let q = -15 - u. Let g(j) = 4*j**3 + 3*j - 1. What are the prime factors of g(q)?
37
Let i(n) = n**3 + 3*n**2 + 3*n + 1. Let y be i(-3). List the prime factors of (-106)/y*(-1 + -3)*-1.
53
Suppose -10926 = -9*g + 3*p, 5*g + 4*p - 4366 - 1687 = 0. List the prime factors of g.
1213
List the prime factors of (124/(-5))/(20/(-100)).
2, 31
Let q be (88/(-33))/((-2)/33). Suppose 5*d - 14 = -q. Let h = -1 - d. List the prime factors of h.
5
Suppose 0 = 12*w - 17*w. Suppose w = j + 5*j - 426. What are the prime factors of j?
71
Suppose -3*v - 9719 = -3*k + 4411, -2*k + 9423 = -5*v. List the prime factors of k.
17, 277
Suppose v - 5*p + 8 = 0, 11 = -5*v - 0*v - 4*p. Let q be (-49)/(0 + 2 + v). Suppose 2*u = 2*w - 38, 2*w - q = -u + 4. List the prime factors of w.
2, 3
Let y(d) = -4*d**2 + 6*d + 7. Let w be y(4). Let m = w - -84. List the prime factors of m.
3, 17
Suppose -68*l + 76*l = 104. Let m(y) = y - 6. Let o(z) = 3*z - 17. Let q(c) = -11*m(c) + 4*o(c). List the prime factors of q(l).
11
Let w = 12 - 23. Let l = 14 + w. List the prime factors of ((-28)/(-12) - -1)*l.
2, 5
Let q(x) = -x**3 + 10*x**2 + x - 8. Let w be q(10). Let n(m) = 3 + 6*m**2 - 10*m**w + 0*m**3 - 2*m**3 - 2*m. What are the prime factors of n(-3)?
3
Let d be ((-9)/12)/((-3)/(-24)). Let c = d - -47. List the prime factors of c.
41
Let l(s) = s + 9. Let x be l(-4). Suppose x*m + 31 = -14. What are the prime factors of 23*(m/(-3) + -2)?
23
Let i = -138 + 218. Suppose -i = -z - 3*z. What are the prime factors of z?
2, 5
Let i(g) = 23*g - 3. Let k be i(6). Suppose m = -4*m + k. Let p = m - 6. What are the prime factors of p?
3, 7
Let c be (5 + 1)/(4/26). Suppose -l + c = -0. What are the prime factors of l?
3, 13
Suppose 3*g = -3*f + 54, g - 3*f - 3 = -f. Let h(l) be the first derivative of -l**4/4 + 4*l**3 + 7*l**2 + 9*l + 1. What are the prime factors of h(g)?
2, 11
Let r be 10/6 + (-2)/(-6). Suppose -r*g + 218 = -2*f, -3*g + 4*f = -81 - 241. Suppose -2*d - d + g = 0. What are the prime factors of d?
2, 19
Let q be 538/4 - (-11)/22. Suppose -q = d - 6*d. List the prime factors of d.
3
Let p(y) = 36*y**2 + 183*y - 14. List the prime factors of p(-7).
7, 67
Let h = 308 - 99. What are the prime factors of h?
11, 19
Suppose -2910 - 3285 = -3*m - 4*t, -2*m + 4128 = 2*t. List the prime factors of m.
3, 229
Let x(w) = -11*w - 7. Let o be x(-3). Let f = o - -36. List the prime factors of f.
2, 31
Let s = -55 - -85. Let g = s + -26. Let y(r) = 2*r**3 - 7*r**2 + 7*r - 4. What are the prime factors of y(g)?
2, 5
Suppose 2*c + 5 = 15. Suppose -4*f = 0, -n - 5*f = 4*n + c. List the prime factors of n/((-52)/50 - -1).
5
Let l(s) = s**2 - 6*s + 14. Let k(o) = -2*o**2 + 13*o - 28. Let u(b) = -3*k(b) - 5*l(b). Let h be u(6). Let v = h - -15. What are the prime factors of v?
11
Let j(b) = -b**3 + 9*b**2 + 14*b + 110. What are the prime factors of j(-10)?
2, 5, 11, 17
Let h = 30 + -13. Let g = 16 - h. Let b(d) = -52*d + 1. What are the prime factors of b(g)?
53
Let i(q) be the third derivative of -q**3 - 1/60*q**5 + 0 - 1/3*q**4 + 0*q + 4*q**2. What are the prime factors of i(-5)?
3
Suppose 4*v - 4*o = -426 + 2630, -2779 = -5*v - o. Suppose -d + 185 = 4*s, 3*d - 4*s - v = s. What are the prime factors of d?
5, 37
Suppose 2*d + 2*d = 16. Suppose -5*y = -6 - d. Suppose -3*h + y*h = -23. List the prime factors of h.
23
Suppose -12 = -5*w + 2*g, 2*w - 36 = -3*w - 4*g. Let a(o) = 15*o**2 - 4*o - 5. List the prime factors of a(w).
3, 73
Let t(g) = 2*g**2 - 5*g + 6. Let h = -18 - -22. Suppose -2*c + c = -h. List the prime factors of t(c).
2, 3
List the prime factors of (-182)/(-4) - (-57)/(-38).
2, 11
Suppose 3*a + 3 - 9 = 0. Suppose a*n = 2*h - 3*n + 15, -h - 4*n - 1 = 0. Let k(q) = -q**2 - 6*q + 2. List the prime factors of k(h).
7
Let z(h) = -h**2 - 4*h + 5. Let f be z(-7). Let o be ((-28)/(-3))/(f/(-24)). List the prime factors of 358/o - (-3)/7.
2, 13
Suppose 15*u - 43668 = -21*u. What are the prime factors of u?
1213
Suppose 0 = 3*i - v, -3*v = -i + 6*i. Suppose -2*c - 4*l + 218 = i, 3*c + l = 4*c - 97. What are the prime factors of c?
101
Suppose -2*r + 5*f - 26 = -3*r, -20 = -5*f. Suppose -